{"id":156,"date":"2016-12-13T22:19:45","date_gmt":"2016-12-13T21:19:45","guid":{"rendered":"http:\/\/www.foto-jung.com\/?page_id=156"},"modified":"2017-01-06T21:38:10","modified_gmt":"2017-01-06T20:38:10","slug":"hochzeitsfotografie","status":"publish","type":"page","link":"https:\/\/www.foto-jung.com\/index.php\/leistungen\/hochzeitsfotografie\/","title":{"rendered":"Hochzeitsfotografie"},"content":{"rendered":"<p><img src=\"http:\/\/www.foto-jung.com\/wp-content\/uploads\/2016\/12\/LHochzeitFotoJungFreilassing.jpg\" alt=\"Hochzeitsfotos by Foto Jung Freilassing\" class=\"img-responsive\" \/><\/p>\n<h1>Hochzeitsfotografie<\/h1>\n<p>Schlie\u00dflich sollten Sie diesen sch\u00f6nsten Tag im Leben in angenehmer Erinnerung haben.<br \/>\n<strong>Seit 1971<\/strong> begleiten wir Paare auf ihrem Weg in die Ehe.<br \/>\nVerlassen Sie sich auf unsere Erfahrung in der traditionellen Fotografie und das Gef\u00fchl f\u00fcr au\u00dfergew\u00f6hnliche Portraits dem Modetrend entsprechend. <\/p>\n<p>Reportagen ihrer Trauung im Standesamt oder in der Kirche, wir sind bekannt f\u00fcr unser dezentes Arbeiten.<br \/>\nAuch<strong> Gruppen mit mehr als 300 Personen<\/strong> handeln wir problemlos und verkaufen die Bilder auch gerne direkt bei Ihrer Feier.<\/p>\n<p>Tipp: <\/p>\n<ul>\n<li>Wir fotografieren Sie f\u00fcr Ihre <strong>Einladungen<\/strong>, oder gestalten <strong>Dankkarten<\/strong>.<\/li>\n<li>Lassen Sie sich <strong>Wertgutscheine<\/strong> f\u00fcr Hochzeitsbilder schenken.<\/li>\n<\/ul>\n","protected":false},"excerpt":{"rendered":"<p>Hochzeitsfotografie Schlie\u00dflich sollten Sie diesen sch\u00f6nsten Tag im Leben in angenehmer Erinnerung haben. Seit 1971 begleiten wir Paare auf ihrem Weg in die Ehe. Verlassen Sie sich auf unsere Erfahrung in der traditionellen Fotografie und das Gef\u00fchl f\u00fcr au\u00dfergew\u00f6hnliche Portraits&hellip;<\/p>\n","protected":false},"author":1,"featured_media":0,"parent":114,"menu_order":50,"comment_status":"closed","ping_status":"closed","template":"fullwidth.php","meta":[],"_links":{"self":[{"href":"https:\/\/www.foto-jung.com\/index.php\/wp-json\/wp\/v2\/pages\/156"}],"collection":[{"href":"https:\/\/www.foto-jung.com\/index.php\/wp-json\/wp\/v2\/pages"}],"about":[{"href":"https:\/\/www.foto-jung.com\/index.php\/wp-json\/wp\/v2\/types\/page"}],"author":[{"embeddable":true,"href":"https:\/\/www.foto-jung.com\/index.php\/wp-json\/wp\/v2\/users\/1"}],"replies":[{"embeddable":true,"href":"https:\/\/www.foto-jung.com\/index.php\/wp-json\/wp\/v2\/comments?post=156"}],"version-history":[{"count":5,"href":"https:\/\/www.foto-jung.com\/index.php\/wp-json\/wp\/v2\/pages\/156\/revisions"}],"predecessor-version":[{"id":190,"href":"https:\/\/www.foto-jung.com\/index.php\/wp-json\/wp\/v2\/pages\/156\/revisions\/190"}],"up":[{"embeddable":true,"href":"https:\/\/www.foto-jung.com\/index.php\/wp-json\/wp\/v2\/pages\/114"}],"wp:attachment":[{"href":"https:\/\/www.foto-jung.com\/index.php\/wp-json\/wp\/v2\/media?parent=156"}],"curies":[{"name":"wp","href":"https:\/\/api.w.org\/{rel}","templated":true}]}}