{"id":36,"date":"2016-11-19T18:20:28","date_gmt":"2016-11-19T17:20:28","guid":{"rendered":"http:\/\/www.foto-jung.com\/?page_id=36"},"modified":"2024-01-24T08:41:07","modified_gmt":"2024-01-24T07:41:07","slug":"team-alt","status":"publish","type":"page","link":"https:\/\/www.foto-jung.com\/index.php\/team-alt\/","title":{"rendered":"Team-alt"},"content":{"rendered":"<p><div class=\"row\" id=\"grafik-row\">\n\t<div class=\"col-xs-12\">\n\t<img  class=\"img-responsive\" id=\"team_grafik\" name=\"team_alle\" src=\"https:\/\/www.foto-jung.com\/wp-content\/plugins\/jb_jung_team\/team_alle.jpg\" width=\"1140\" height=\"397\" id=\"team_alle\" usemap=\"#m_team_alle\" alt=\"\" border=\"0\" \/>\n<map name=\"m_team_alle\" id=\"m_team_alle\">\n<area id=\"area_mirly\" shape=\"rect\" coords=\"916,0,1140,397\" href=\"#\" onmouseout=\"hide_team('mirly')\" onmouseover=\"show_team('mirly','https:\/\/www.foto-jung.com\/wp-content\/plugins\/jb_jung_team\/')\" alt=\"\" \/>\n<area id=\"area_moni\" shape=\"rect\" coords=\"710,0,916,397\" href=\"#\" onmouseout=\"hide_team('moni')\" onmouseover=\"show_team('moni','https:\/\/www.foto-jung.com\/wp-content\/plugins\/jb_jung_team\/')\" alt=\"\" \/>\n<area id=\"area_christoph\" shape=\"rect\" coords=\"470,0,710,397\"  href=\"#\" onmouseout=\"hide_team('christoph')\" onmouseover=\"show_team('christoph','https:\/\/www.foto-jung.com\/wp-content\/plugins\/jb_jung_team\/')\" alt=\"\" \/>\n<area id=\"area_ca\"shape=\"rect\" coords=\"250,0,470,397\" href=\"#\" onmouseout=\"hide_team('ca')\" onmouseover=\"show_team('ca','https:\/\/www.foto-jung.com\/wp-content\/plugins\/jb_jung_team\/')\" alt=\"\" \/>\n<area id=\"area_franky\" shape=\"rect\" coords=\"0,0,250,397\" href=\"#\" onmouseout=\"hide_team('franky')\" onmouseover=\"show_team('franky','https:\/\/www.foto-jung.com\/wp-content\/plugins\/jb_jung_team\/');\" alt=\"\" \/>\n<\/map>\n\t<\/div>\n\t<\/div><br \/>\n\n<div class=\"teamdiv\" id=\"teamdiv-franky\" ><h2>Frank Jung<\/h2>\r\n<p><i>Fotografenmeister<\/i><\/p>\r\n<p>\r\n1991 habe ich meine Ausbildung zum Fotografen begonnen, welche ich nach 2 Jahren mit dem Gesellenbrief <br>und 1998 mit der Meisterpr\u00fcfung beendete. <br>Seither war ich im Betrieb meines Vaters t\u00e4tig, den ich 2001 \u00fcbernommen habe. <\/p>\r\n<p>\r\n\u00dcberwiegend und am liebsten fotografiere ich Menschen, habe aber auch an der Bildbearbeitung viel Spa\u00df. <\/p><p>Dunkelkammer und Chemieb\u00e4der vermisse ich nicht, ich bin begeistert von den  M\u00f6glichkeiten und der Qualit\u00e4t der digitalen Werkzeuge. Nach wie vor faszinieren mich Licht und Schatten.<\/p><\/div>\n<div class=\"teamdiv\" id=\"teamdiv-ca\" ><h2>Ca Hafner<\/h2>\r\n<p><i>Fotografin<\/i><\/p>\r\n<p>\r\n2004 habe ich meine Ausbildung zur Fotografin beim Foto Jung begonnen, welche ich nach 2,5 Jahren mit dem Gesellenbrief abgeschlossen habe. Bis heute bin ich im selben Betrieb t\u00e4tig und hoffe dies auch noch viele Jahre behaupten zu k\u00f6nnen. <\/p>\r\n<p>Vorrangig besch\u00e4ftige ich mich mit Bildbearbeitung und dem Tagesgesch\u00e4ft, au\u00dferdem auch mit Studio- und Hochzeitsfotografie. Dem analogen Zeitalter mit Film, Chemie und Dunkelkammer trauere ich ein wenig nach, bin jedoch sehr froh \u00fcber die mittlerweile qualitativ hochwertigen und vielseitigen M\u00f6glichkeiten der digitalen Fotografie.<\/p>\r\n<p>Das Gestalten und Binden von Fotob\u00fcchern geh\u00f6rt au\u00dferdem zu einer meiner liebsten T\u00e4tigkeiten. <\/p><\/div>\n<div class=\"teamdiv\" id=\"teamdiv-moni\" ><h2>Moni Siglbauer<\/h2>\r\n<p><i>Fotografin<\/i><\/p><p>\r\n<p>2016 habe ich meine Ausbildung bei Foto Jung begonnen, diese habe ich nach 3 Jahren mit dem Gesellenbrief erfolgreich abgeschlossen. <\/p>\r\n<p>Vorrangig besch\u00e4ftige ich mich mit der digitalen Bildbearbeitung und dem Tagesgesch\u00e4ft.<\/p>\r\n<p>Zudem begeistern mich vor allem Babys und Hochzeiten, beim Fotografieren sowie auch in der Bearbeitung. Auch das Gestalten und Binden von Fotob\u00fcchern geh\u00f6rt zu einer meiner liebsten T\u00e4tigkeiten. <\/p><\/div>\n<div class=\"teamdiv\" id=\"teamdiv-mirly\" ><h2>Mirly Jung<\/h2>\r\n<p><\/p>\r\n<p>Im Betrieb helfe ich seit 1992 als Ehefrau,<br>bis 2004 war ich haupts\u00e4chlich in meinem erlernten Beruf als Krankenschwester t\u00e4tig. <\/p><p>\r\n\tMeine vorrangigen T\u00e4tigkeiten sind Bestellungen, Organisation von Kindergartenfotografie, Assistenz beim Fotografieren (Kindergarten und Schule, Babys, Hochzeit und Gruppen), Dekoration, Reinigung.<br>\r\n\tIch unterst\u00fctze meinen Mann in vielen Bereichen und oft treffen wir gemeinsam die richtigen Entscheidungen.<\/p><p>\r\n\tIn meiner Freizeit treibe ich gerne Sport und bin eine leidenschaftliche Hobbyg\u00e4rtnerin.<\/p><\/div><\/p>\n","protected":false},"excerpt":{"rendered":"","protected":false},"author":1,"featured_media":0,"parent":0,"menu_order":20,"comment_status":"closed","ping_status":"closed","template":"fullwidth.php","meta":[],"_links":{"self":[{"href":"https:\/\/www.foto-jung.com\/index.php\/wp-json\/wp\/v2\/pages\/36"}],"collection":[{"href":"https:\/\/www.foto-jung.com\/index.php\/wp-json\/wp\/v2\/pages"}],"about":[{"href":"https:\/\/www.foto-jung.com\/index.php\/wp-json\/wp\/v2\/types\/page"}],"author":[{"embeddable":true,"href":"https:\/\/www.foto-jung.com\/index.php\/wp-json\/wp\/v2\/users\/1"}],"replies":[{"embeddable":true,"href":"https:\/\/www.foto-jung.com\/index.php\/wp-json\/wp\/v2\/comments?post=36"}],"version-history":[{"count":13,"href":"https:\/\/www.foto-jung.com\/index.php\/wp-json\/wp\/v2\/pages\/36\/revisions"}],"predecessor-version":[{"id":370,"href":"https:\/\/www.foto-jung.com\/index.php\/wp-json\/wp\/v2\/pages\/36\/revisions\/370"}],"wp:attachment":[{"href":"https:\/\/www.foto-jung.com\/index.php\/wp-json\/wp\/v2\/media?parent=36"}],"curies":[{"name":"wp","href":"https:\/\/api.w.org\/{rel}","templated":true}]}}

<p><div class="row" id="grafik-row">
	<div class="col-xs-12">
	<img  class="img-responsive" id="team_grafik" name="team_alle" src="https://www.foto-jung.com/wp-content/plugins/jb_jung_team/team_alle.jpg" width="1140" height="397" id="team_alle" usemap="#m_team_alle" alt="" border="0" />
<map name="m_team_alle" id="m_team_alle">
<area id="area_mirly" shape="rect" coords="916,0,1140,397" href="#" onmouseout="hide_team('mirly')" onmouseover="show_team('mirly','https://www.foto-jung.com/wp-content/plugins/jb_jung_team/')" alt="" />
<area id="area_moni" shape="rect" coords="710,0,916,397" href="#" onmouseout="hide_team('moni')" onmouseover="show_team('moni','https://www.foto-jung.com/wp-content/plugins/jb_jung_team/')" alt="" />
<area id="area_christoph" shape="rect" coords="470,0,710,397"  href="#" onmouseout="hide_team('christoph')" onmouseover="show_team('christoph','https://www.foto-jung.com/wp-content/plugins/jb_jung_team/')" alt="" />
<area id="area_ca"shape="rect" coords="250,0,470,397" href="#" onmouseout="hide_team('ca')" onmouseover="show_team('ca','https://www.foto-jung.com/wp-content/plugins/jb_jung_team/')" alt="" />
<area id="area_franky" shape="rect" coords="0,0,250,397" href="#" onmouseout="hide_team('franky')" onmouseover="show_team('franky','https://www.foto-jung.com/wp-content/plugins/jb_jung_team/');" alt="" />
</map>
	</div>
	</div><br />

<div class="teamdiv" id="teamdiv-franky" ><h2>Frank Jung</h2>
<p><i>Fotografenmeister</i></p>
<p>
1991 habe ich meine Ausbildung zum Fotografen begonnen, welche ich nach 2 Jahren mit dem Gesellenbrief <br>und 1998 mit der Meisterprüfung beendete. <br>Seither war ich im Betrieb meines Vaters tätig, den ich 2001 übernommen habe. </p>
<p>
Überwiegend und am liebsten fotografiere ich Menschen, habe aber auch an der Bildbearbeitung viel Spaß. </p><p>Dunkelkammer und Chemiebäder vermisse ich nicht, ich bin begeistert von den  Möglichkeiten und der Qualität der digitalen Werkzeuge. Nach wie vor faszinieren mich Licht und Schatten.</p></div>
<div class="teamdiv" id="teamdiv-ca" ><h2>Ca Hafner</h2>
<p><i>Fotografin</i></p>
<p>
2004 habe ich meine Ausbildung zur Fotografin beim Foto Jung begonnen, welche ich nach 2,5 Jahren mit dem Gesellenbrief abgeschlossen habe. Bis heute bin ich im selben Betrieb tätig und hoffe dies auch noch viele Jahre behaupten zu können. </p>
<p>Vorrangig beschäftige ich mich mit Bildbearbeitung und dem Tagesgeschäft, außerdem auch mit Studio- und Hochzeitsfotografie. Dem analogen Zeitalter mit Film, Chemie und Dunkelkammer trauere ich ein wenig nach, bin jedoch sehr froh über die mittlerweile qualitativ hochwertigen und vielseitigen Möglichkeiten der digitalen Fotografie.</p>
<p>Das Gestalten und Binden von Fotobüchern gehört außerdem zu einer meiner liebsten Tätigkeiten. </p></div>
<div class="teamdiv" id="teamdiv-moni" ><h2>Moni Siglbauer</h2>
<p><i>Fotografin</i></p><p>
<p>2016 habe ich meine Ausbildung bei Foto Jung begonnen, diese habe ich nach 3 Jahren mit dem Gesellenbrief erfolgreich abgeschlossen. </p>
<p>Vorrangig beschäftige ich mich mit der digitalen Bildbearbeitung und dem Tagesgeschäft.</p>
<p>Zudem begeistern mich vor allem Babys und Hochzeiten, beim Fotografieren sowie auch in der Bearbeitung. Auch das Gestalten und Binden von Fotobüchern gehört zu einer meiner liebsten Tätigkeiten. </p></div>
<div class="teamdiv" id="teamdiv-mirly" ><h2>Mirly Jung</h2>
<p></p>
<p>Im Betrieb helfe ich seit 1992 als Ehefrau,<br>bis 2004 war ich hauptsächlich in meinem erlernten Beruf als Krankenschwester tätig. </p><p>
	Meine vorrangigen Tätigkeiten sind Bestellungen, Organisation von Kindergartenfotografie, Assistenz beim Fotografieren (Kindergarten und Schule, Babys, Hochzeit und Gruppen), Dekoration, Reinigung.<br>
	Ich unterstütze meinen Mann in vielen Bereichen und oft treffen wir gemeinsam die richtigen Entscheidungen.</p><p>
	In meiner Freizeit treibe ich gerne Sport und bin eine leidenschaftliche Hobbygärtnerin.</p></div></p>
